e prime factors of w + 31/(-7) + 24/56?
3, 13
Suppose 723 = 7*x - 341. What are the prime factors of x?
2, 19
Suppose 7*h + 141696 = 103*h. What are the prime factors of h?
2, 3, 41
Let z = 73 + -49. Let r = 26 - z. What are the prime factors of r?
2
Suppose 3*d = -0*d + 108. Suppose -q + 3 = -d. List the prime factors of q.
3, 13
Let x = -944 - -1625. List the prime factors of x.
3, 227
Let w be 6 + (2 - -4)/3. Let c(f) = f**3 - 4*f**2 - 6*f - 7. Let i be c(5). What are the prime factors of i/16 + 38/w?
2
Let p be 2/(-5) - (-6)/(-10). What are the prime factors of 8*19 - (p + 1)?
2, 19
Let m(s) = -176*s - 337. List the prime factors of m(-6).
719
Let q(n) = -n + 2. Let s be q(-4). Suppose -s - 2 = -4*r. Suppose r*m + 114 = 4*z, -2*z + 4*m + 39 = -z. What are the prime factors of z?
3
Let c(k) = -4*k - 11. Let v(s) = -11*s**2 - 9*s - 4. Let b(i) = 16*i**2 + 14*i + 6. Let j(w) = 5*b(w) + 8*v(w). Let d be j(-1). List the prime factors of c(d).
3, 7
Let d = 139 + -100. What are the prime factors of d?
3, 13
Suppose -3*l - 217 = -7. List the prime factors of (l/8)/(12/(-48)).
5, 7
Suppose -17 = -5*k - 7. Let h(i) = i**3 + 2*i**2 - 3*i - 1. Let z(p) = -6*p**3 + 9*p**2 - 7*p - 6. Let q(w) = 4*h(w) - z(w). What are the prime factors of q(k)?
2, 17
Let f = 154 + 39. Suppose 787 = 18*r + f. What are the prime factors of r?
3, 11
Let d(v) = -v**2 + 4*v + 9. Let w be d(5). Suppose 0 = w*f + 45 - 153. List the prime factors of f.
3
Suppose 0 = -3*d + 4*l - 53, 2*l - 63 = 5*d + 44. Let m = d - -24. List the prime factors of (2 + m)/3 - -31.
2
Suppose 3*s - 6 = 9. Suppose -s*i + d = -74, -3*i - 5*d + 23 = 1. List the prime factors of i.
2, 7
Suppose -x + 4*n + 1 = 5*n, 2*x - 2*n = -14. Let z(a) = -52*a + 3. List the prime factors of z(x).
3, 53
List the prime factors of 4 - -4 - 6 - (0 - 82).
2, 3, 7
Let o = -1996 + 5152. List the prime factors of o.
2, 3, 263
Let s = -45 + 6. Let o = s + 135. List the prime factors of o.
2, 3
Suppose -20*m = 5*m - 59275. What are the prime factors of m?
2371
Suppose 4*j = -2*k + 68, -j = 3*k - 3*j - 62. Suppose 0 = -q + k + 41. What are the prime factors of q?
5, 13
Suppose -6*r + 432 = -2*r. Let l be (8/(-20))/((-2)/25). Suppose 0 = l*d + 12 + 3, 3*d = 3*z - r. List the prime factors of z.
3, 11
Let a(g) = 66*g - 52. List the prime factors of a(9).
2, 271
Let a = -8 + -2. Let u = 13 + a. Suppose 4*q = -2*c + 122, -2*q - 207 = -0*c - u*c. What are the prime factors of c?
67
Suppose -4*u + 3*c = -43 - 34, 0 = 3*c - 3. Suppose -11*y + 16*y - u = 0. Suppose y*q - 82 = a + 31, 3*a = -3*q + 66. List the prime factors of q.
3
Let k be (-68)/(-18) + (-10)/(-45). Let p(v) = 0*v + k + v + v + 9*v. What are the prime factors of p(4)?
2, 3
Let w be 2*4167*2/3. Let b be w/66 - 2/11. Suppose -4*k + 6*k = b. What are the prime factors of k?
2, 3, 7
Suppose 44*v - 39*v - 1205 = 0. What are the prime factors of v?
241
Let a(r) be the second derivative of -r**3/3 - r**2/2 + 6*r. Suppose -4*j + 4*s = 68, 2*s = j - 6*j - 50. What are the prime factors of a(j)?
23
Let x(s) = 1. Let y(q) = -3*q - 4. Let z(n) = -3*x(n) - y(n). Let o = 506 + -500. What are the prime factors of z(o)?
19
Let r(t) = 2*t**2 - 15*t - 8. Let w be r(8). Suppose w = 4*g - 9*g. Suppose -s + 20 + 2 = g. List the prime factors of s.
2, 11
Suppose 18*k - 15*k = 3. Let u be (k + 1 - 1) + 6. Let h = 13 + u. What are the prime factors of h?
2, 5
Let x = -310 + 438. Suppose 352 = 8*g - x. What are the prime factors of g?
2, 3, 5
Let n(v) = 4*v - 1. Let o be n(8). Suppose -5*q - 11 = -o. Suppose q*g - 14 = -2, 0 = 3*s - 3*g - 96. What are the prime factors of s?
5, 7
Suppose 4*p = -5*x - 0*x + 6870, 5*x = 5*p + 6915. List the prime factors of x.
2, 13, 53
Let g = -183 - -228. What are the prime factors of g?
3, 5
Suppose 2687 = 5*b + 3*m, -5*m + 3070 - 385 = 5*b. What are the prime factors of b?
2, 269
Let p = 221 - 193. List the prime factors of p.
2, 7
Let d(b) = b**2 - 3*b - 5. Let r be d(4). Let f = 1 + r. Suppose -3*l + 104 = -x - f*x, 3*x = -4*l + 143. List the prime factors of l.
5, 7
Suppose 2*q = 3*q. Suppose q = 3*d - d. Suppose 5*i - 4*s - 93 = d, 0*i + i = -s + 15. What are the prime factors of i?
17
Suppose 13380 = -51*u + 81*u. List the prime factors of u.
2, 223
Let p(n) = -5*n - 44. Let q be p(-19). What are the prime factors of q*1/((-3)/(-2))?
2, 17
Let o(n) = -n + 2. Let v be o(5). Let r be 6/((-388)/132 - v). Let m = 148 - r. List the prime factors of m.
7
Suppose 7 = k + 29. List the prime factors of 149 + k - 4/(-1).
131
Let b be 3*12/(-9)*-1. Suppose b*g - 4 = 4. Suppose -g*v - o + 60 = 4*o, -5*v - 3*o + 131 = 0. What are the prime factors of v?
5
Suppose 22*y - 4446 = 9*y. List the prime factors of y.
2, 3, 19
Let c = -872 + 1246. List the prime factors of c.
2, 11, 17
Let u be -1 + -3 + (8 - 1). Suppose -2*w + 3*v = 3, -u*v + 39 = 4*w - 0*w. List the prime factors of w/10*(6 + -1).
3
Let w(t) be the first derivative of t**3 + 3*t**2 + 9*t + 13. What are the prime factors of w(5)?
2, 3, 19
Let a(p) be the third derivative of -5*p**4/8 - 5*p**3/3 - 13*p**2. What are the prime factors of a(-3)?
5, 7
Suppose -5*g + 3*w + 1173 = 0, -5*g + 3*g - w + 478 = 0. List the prime factors of g.
3, 79
Let y be 12/(2 - -2 - 2). Suppose 0 = -5*g - v - 2*v + 16, 4*v - 16 = -4*g. Suppose -5*h + 101 = -2*s, -y = -g*h + 5*s + 26. List the prime factors of h.
3, 7
Suppose -4 = 5*h + 11. Let o = 124 - 122. What are the prime factors of (8/h)/(o/(-36))?
2, 3
Suppose i - 19 = -5*t, -3*i - t + 3*t + 6 = 0. What are the prime factors of 147/6 + (-2)/i?
2, 3
Let u(p) = p**2 - 22*p + 20. Let d be -1*10*132/(-55). What are the prime factors of u(d)?
2, 17
Let u(h) = -3*h + 3. Let t be u(5). What are the prime factors of t/(-30) - (-563)/5?
113
Suppose -24 = -3*p + 2*k - 7*k, 5*p - 6 = 3*k. Suppose p*o = -2*z + 3 - 32, z = -o - 12. What are the prime factors of (-856)/(-56) + 2/z?
3, 5
Let v(c) = c - 1. Let q be v(3). Suppose q*s + 6 = 18. Let i = 16 - s. What are the prime factors of i?
2, 5
Let p(i) = 15*i - 113. List the prime factors of p(29).
2, 7, 23
What are the prime factors of 503 + 9/(27/(-12))?
499
Let r = 60 - 40. Suppose -2*w - r = -3*w - 5*f, 3*f - 12 = 0. Suppose 3*s = -w*n + n + 97, -s = -5*n - 51. List the prime factors of s.
31
Suppose -5*t = -2*x - 20 - 3, 4*x = -2*t - 10. List the prime factors of 161/t + (-3)/(-9).
2, 3
Suppose -f - 2 + 8 = 0. Let o = f + -6. Suppose o = -4*d - 2*r + 3*r + 78, 4*r + 52 = 3*d. List the prime factors of d.
2, 5
Let g(m) = -2*m**3 - 4*m**2 - 5*m - 8. Let r(t) = t**3 - 18*t**2 + 16*t + 14. Let k be r(17). What are the prime factors of g(k)?
5
Suppose 2*h = -59 - 25. List the prime factors of (2 + h)/((-2)/11).
2, 5, 11
Let t = 1574 - 20. List the prime factors of t.
2, 3, 7, 37
Suppose -2*a + 335 = -a + 4*y, 4*a + y = 1325. Let f = a - 220. What are the prime factors of f?
3, 37
Suppose 0 = 34*c - 38*c. Suppose -5*s - 4*q = -c*q - 1002, 3*s = -3*q + 603. List the prime factors of s.
2, 3, 11
Let z = -374 + 1181. List the prime factors of z.
3, 269
Let i(u) = u**3 + 3*u**2 + 15*u - 19. What are the prime factors of i(11)?
2, 5, 23
Let y(t) = -950*t - 388. List the prime factors of y(-5).
2, 3, 727
Suppose -7*f = -5*f - 214. Suppose 94 = 3*a - f. List the prime factors of a.
67
Suppose 2*p - 4 = -2. List the prime factors of (36/(-12))/(p/(-47)).
3, 47
Let o(n) = -n**3 + 6*n**2 - 7*n + 8. Let d be o(4). Let m = d - -85. List the prime factors of m.
97
Suppose -635*g - 50960 = -651*g. List the prime factors of g.
5, 7, 13
What are the prime factors of (4720/12 + -3)/((-1)/(-3))?
1171
List the prime factors of (0 - -9)/(-9) - 157*-2.
313
Suppose 12 = -2*u - 4*s + 4, 5*u - 16 = 2*s. Let q = -3602 - -1600. List the prime factors of q/(-34) + u/17.
59
Let z = 3337 - 2359. List the prime factors of z.
2, 3, 163
Let h be 166 - -24 - (2 - 1). Suppose 7*l + h = 10*l. What are the prime factors of l?
3, 7
Let i(o) = o**2 - 12*o - 140. What are the prime factors of i(-18)?
2, 5
Let r = 37 - 79. Let z = r - -74. What are the prime factors of z?
2
Let r(k) = -116*k**3 + 10*k**2 - 6*k - 4. Let h(s) = -39*s**3 + 3*s**2 - 2*s - 1. Let p(d) = -7*h(d) + 2*r(d). What are the prime factors of p(1)?
41
Suppose 2*i = -i - 2*c + 5, -5*i = 4*c - 11. What 